 by 130.
1
What is the remainder when 827 is divided by 16?
11
What is the remainder when 253 is divided by 69?
46
What is the remainder when 1535 is divided by 19?
15
What is the remainder when 727 is divided by 9?
7
What is the remainder when 166 is divided by 49?
19
What is the remainder when 63 is divided by 6?
3
What is the remainder when 268 is divided by 30?
28
Calculate the remainder when 4283 is divided by 143.
136
Calculate the remainder when 886 is divided by 11.
6
What is the remainder when 1280 is divided by 61?
60
What is the remainder when 217 is divided by 11?
8
What is the remainder when 542 is divided by 32?
30
Calculate the remainder when 113 is divided by 64.
49
Calculate the remainder when 132 is divided by 21.
6
Calculate the remainder when 285 is divided by 4.
1
What is the remainder when 1611 is divided by 100?
11
Calculate the remainder when 24 is divided by 13.
11
What is the remainder when 137 is divided by 50?
37
Calculate the remainder when 71 is divided by 24.
23
Calculate the remainder when 765 is divided by 59.
57
Calculate the remainder when 2472 is divided by 73.
63
Calculate the remainder when 141 is divided by 13.
11
What is the remainder when 24035 is divided by 12?
11
What is the remainder when 333 is divided by 98?
39
Calculate the remainder when 63 is divided by 8.
7
What is the remainder when 322 is divided by 19?
18
What is the remainder when 398 is divided by 121?
35
What is the remainder when 295 is divided by 30?
25
What is the remainder when 39674 is divided by 52?
50
What is the remainder when 1448 is divided by 371?
335
What is the remainder when 528 is divided by 28?
24
Calculate the remainder when 467 is divided by 52.
51
Calculate the remainder when 3656 is divided by 59.
57
What is the remainder when 65 is divided by 58?
7
Calculate the remainder when 14584 is divided by 29.
26
What is the remainder when 92 is divided by 33?
26
Calculate the remainder when 4368 is divided by 46.
44
Calculate the remainder when 405 is divided by 46.
37
Calculate the remainder when 77 is divided by 5.
2
Calculate the remainder when 114 is divided by 113.
1
What is the remainder when 745 is divided by 6?
1
Calculate the remainder when 126 is divided by 35.
21
Calculate the remainder when 199 is divided by 25.
24
What is the remainder when 2204 is divided by 734?
2
What is the remainder when 1121 is divided by 127?
105
Calculate the remainder when 412 is divided by 9.
7
Calculate the remainder when 1673 is divided by 14.
7
Calculate the remainder when 37 is divided by 1.
0
Calculate the remainder when 32 is divided by 28.
4
Calculate the remainder when 2491 is divided by 12.
7
What is the remainder when 484 is divided by 318?
166
Calculate the remainder when 49 is divided by 2.
1
Calculate the remainder when 255 is divided by 174.
81
What is the remainder when 1915 is divided by 481?
472
Calculate the remainder when 339 is divided by 57.
54
What is the remainder when 290 is divided by 73?
71
Calculate the remainder when 168 is divided by 13.
12
Calculate the remainder when 1617 is divided by 28.
21
What is the remainder when 2964 is divided by 4?
0
Calculate the remainder when 29 is divided by 17.
12
Calculate the remainder when 391 is divided by 29.
14
What is the remainder when 1478 is divided by 45?
38
What is the remainder when 12742 is divided by 177?
175
Calculate the remainder when 257 is divided by 45.
32
What is the remainder when 2504 is divided by 11?
7
Calculate the remainder when 250 is divided by 137.
113
What is the remainder when 188 is divided by 188?
0
Calculate the remainder when 583 is divided by 31.
25
What is the remainder when 87 is divided by 20?
7
Calculate the remainder when 1582 is divided by 132.
130
What is the remainder when 223 is divided by 14?
13
Calculate the remainder when 595 is divided by 50.
45
What is the remainder when 338 is divided by 44?
30
What is the remainder when 191 is divided by 86?
19
What is the remainder when 23 is divided by 15?
8
Calculate the remainder when 214 is divided by 33.
16
What is the remainder when 5076 is divided by 35?
1
Calculate the remainder when 377 is divided by 10.
7
Calculate the remainder when 301 is divided by 141.
19
What is the remainder when 941 is divided by 73?
65
Calculate the remainder when 605 is divided by 101.
100
Calculate the remainder when 193 is divided by 3.
1
Calculate the remainder when 1295 is divided by 13.
8
Calculate the remainder when 1519 is divided by 259.
224
What is the remainder when 2001 is divided by 12?
9
Calculate the remainder when 816 is divided by 106.
74
What is the remainder when 2277 is divided by 43?
41
What is the remainder when 1424 is divided by 88?
16
Calculate the remainder when 237 is divided by 2.
1
What is the remainder when 266 is divided by 18?
14
Calculate the remainder when 537 is divided by 45.
42
What is the remainder when 3887 is divided by 108?
107
What is the remainder when 1772 is divided by 14?
8
What is the remainder when 1277 is divided by 67?
4
Calculate the remainder when 147 is divided by 42.
21
What is the remainder when 161 is divided by 85?
76
What is the remainder when 4589 is divided by 16?
13
What is the remainder when 435 is divided by 40?
35
What is the remainder when 417 is divided by 19?
18
Calculate the remainder when 468 is divided by 67.
66
Calculate the remainder when 671 is divided by 13.
8
Calculate the remainder when 2069 is divided by 18.
17
Calculate the remainder when 1894 is divided by 627.
13
What is the remainder when 367 is divided by 54?
43
What is the remainder when 122 is divided by 18?
14
Calculate the remainder when 92 is divided by 34.
24
Calculate the remainder when 1093 is divided by 108.
13
What is the remainder when 39 is divided by 36?
3
What is the remainder when 4724 is divided by 105?
104
What is the remainder when 123 is divided by 6?
3
What is the remainder when 126 is divided by 5?
1
Calculate the remainder when 29780 is divided by 146.
142
What is the remainder when 4661 is divided by 43?
17
Calculate the remainder when 310 is divided by 39.
37
What is the remainder when 205 is divided by 28?
9
What is the remainder when 282 is divided by 141?
0
Calculate the remainder when 1086 is divided by 68.
66
Calculate the remainder when 339 is divided by 38.
35
What is the remainder when 23 is divided by 9?
5
What is the remainder when 570 is divided by 185?
15
Calculate the remainder when 198 is divided by 151.
47
What is the remainder when 60 is divided by 59?
1
What is the remainder when 1531 is divided by 20?
11
Calculate the remainder when 49102 is divided by 72.
70
Calculate the remainder when 2372 is divided by 25.
22
What is the remainder when 74 is divided by 26?
22
Calculate the remainder when 125 is divided by 34.
23
What is the remainder when 222 is divided by 9?
6
What is the remainder when 283 is divided by 68?
11
Calculate the remainder when 152 is divided by 22.
20
What is the remainder when 2119 is divided by 21?
19
What is the remainder when 143 is divided by 50?
43
What is the remainder when 142 is divided by 36?
34
What is the remainder when 404 is divided by 26?
14
Calculate the remainder when 591 is divided by 99.
96
What is the remainder when 4946 is divided by 50?
46
What is the remainder when 230 is divided by 64?
38
Calculate the remainder when 223 is divided by 25.
23
Calculate the remainder when 2869 is divided by 29.
27
Calculate the remainder when 380 is divided by 34.
6
What is the remainder when 622 is divided by 8?
6
Calculate the remainder when 63 is divided by 14.
7
What is the remainder when 29238 is divided by 170?
168
Calculate the remainder when 461 is divided by 36.
29
Calculate the remainder when 135 is divided by 23.
20
What is the remainder when 391 is divided by 28?
27
What is the remainder when 2631 is divided by 22?
13
What is the remainder when 25415 is divided by 111?
107
What is the remainder when 597 is divided by 141?
33
What is the remainder when 198 is divided by 96?
6
Calculate the remainder when 228 is divided by 23.
21
Calculate the remainder when 458 is divided by 14.
10
What is the remainder when 1645 is divided by 131?
73
What is the remainder when 1167 is divided by 39?
36
What is 